{"id":298,"date":"2012-07-29T13:18:53","date_gmt":"2012-07-29T13:18:53","guid":{"rendered":"http:\/\/www.optyk-kielce.pl\/?page_id=298"},"modified":"2013-11-21T21:31:05","modified_gmt":"2013-11-21T21:31:05","slug":"soczewki-okularowe","status":"publish","type":"page","link":"https:\/\/www.optyk-kielce.pl\/?page_id=298","title":{"rendered":"Soczewki okularowe"},"content":{"rendered":"<p>Ju\u017c staro\u017cytni rzymianie korzystali z pomocy okular\u00f3w, przez dwa tysi\u0105ce lat nast\u0105pi\u0142 olbrzymi post\u0119p w ich konstrukcji, szczeg\u00f3lnie widoczny w ostatnich latach. Zapoznani z najnowszymi trendami specjali\u015bci czekaj\u0105 na Pa\u0144stwa w naszych salonach, s\u0142u\u017c\u0105c pomoc\u0105 w doborze najlepszych dla Was opraw i soczewek, zdaj\u0105c sobie spraw\u0119 jak wa\u017cny jest dla ka\u017cdego wzrok.<\/p>\n<p>W trosce o Pa\u0144stwa zdrowie przy doborze soczewek okularowych nie uznajemy kompromis\u00f3w, wsp\u00f3\u0142pracujemy jedynie z najlepszymi. W naszej ofercie znajdziecie Pa\u0144stwo soczewki: jednoogniskowe, dwuogniskowe, progresywne ka\u017cda z nich mo\u017ce by\u0107 fotochrom\u0105 oraz z pow\u0142ok\u0105 antyrefleksyjn\u0105, oferujemy r\u00f3wnie\u017c soczewki polaryzacyjne i barwione.<\/p>\n<p>&nbsp;<\/p>\n\n\t\t<style type=\"text\/css\">\n\t\t\t#gallery-1 {\n\t\t\t\tmargin: auto;\n\t\t\t}\n\t\t\t#gallery-1 .gallery-item {\n\t\t\t\tfloat: left;\n\t\t\t\tmargin-top: 10px;\n\t\t\t\ttext-align: center;\n\t\t\t\twidth: 33%;\n\t\t\t}\n\t\t\t#gallery-1 img {\n\t\t\t\tborder: 2px solid #cfcfcf;\n\t\t\t}\n\t\t\t#gallery-1 .gallery-caption {\n\t\t\t\tmargin-left: 0;\n\t\t\t}\n\t\t\t\/* see gallery_shortcode() in wp-includes\/media.php *\/\n\t\t<\/style>\n\t\t<div id='gallery-1' class='gallery galleryid-298 gallery-columns-3 gallery-size-thumbnail'><dl class='gallery-item'>\n\t\t\t<dt class='gallery-icon portrait'>\n\t\t\t\t<a href='https:\/\/www.optyk-kielce.pl\/?attachment_id=308'><img width=\"150\" height=\"150\" src=\"https:\/\/www.optyk-kielce.pl\/wp-content\/uploads\/2012\/07\/zeiss-logo.jpg\" class=\"attachment-thumbnail size-thumbnail\" alt=\"Zeiss logo\" loading=\"lazy\" \/><\/a>\n\t\t\t<\/dt><\/dl><dl class='gallery-item'>\n\t\t\t<dt class='gallery-icon landscape'>\n\t\t\t\t<a href='https:\/\/www.optyk-kielce.pl\/?attachment_id=307'><img width=\"150\" height=\"112\" src=\"https:\/\/www.optyk-kielce.pl\/wp-content\/uploads\/2012\/07\/shamir-logo.jpg\" class=\"attachment-thumbnail size-thumbnail\" alt=\"\" loading=\"lazy\" \/><\/a>\n\t\t\t<\/dt><\/dl><dl class='gallery-item'>\n\t\t\t<dt class='gallery-icon landscape'>\n\t\t\t\t<a href='https:\/\/www.optyk-kielce.pl\/?attachment_id=303'><img width=\"150\" height=\"100\" src=\"https:\/\/www.optyk-kielce.pl\/wp-content\/uploads\/2012\/07\/essilor-logo.jpg\" class=\"attachment-thumbnail size-thumbnail\" alt=\"\" loading=\"lazy\" \/><\/a>\n\t\t\t<\/dt><\/dl><br style=\"clear: both\" \/><dl class='gallery-item'>\n\t\t\t<dt class='gallery-icon landscape'>\n\t\t\t\t<a href='https:\/\/www.optyk-kielce.pl\/?attachment_id=305'><img width=\"150\" height=\"73\" src=\"https:\/\/www.optyk-kielce.pl\/wp-content\/uploads\/2012\/07\/jzo-logo.jpg\" class=\"attachment-thumbnail size-thumbnail\" alt=\"\" loading=\"lazy\" \/><\/a>\n\t\t\t<\/dt><\/dl><dl class='gallery-item'>\n\t\t\t<dt class='gallery-icon landscape'>\n\t\t\t\t<a href='https:\/\/www.optyk-kielce.pl\/?attachment_id=304'><img width=\"150\" height=\"43\" src=\"https:\/\/www.optyk-kielce.pl\/wp-content\/uploads\/2012\/07\/hoya-logo.jpg\" class=\"attachment-thumbnail size-thumbnail\" alt=\"\" loading=\"lazy\" \/><\/a>\n\t\t\t<\/dt><\/dl><dl class='gallery-item'>\n\t\t\t<dt class='gallery-icon landscape'>\n\t\t\t\t<a href='https:\/\/www.optyk-kielce.pl\/?attachment_id=306'><img width=\"150\" height=\"47\" src=\"https:\/\/www.optyk-kielce.pl\/wp-content\/uploads\/2012\/07\/seiko-logo.jpg\" class=\"attachment-thumbnail size-thumbnail\" alt=\"\" loading=\"lazy\" \/><\/a>\n\t\t\t<\/dt><\/dl><br style=\"clear: both\" \/>\n\t\t<\/div>\n\n<p>&nbsp;<\/p>\n","protected":false},"excerpt":{"rendered":"<p>Ju\u017c staro\u017cytni rzymianie korzystali z pomocy okular\u00f3w, przez dwa tysi\u0105ce lat nast\u0105pi\u0142 olbrzymi post\u0119p w ich konstrukcji, szczeg\u00f3lnie widoczny w ostatnich latach. Zapoznani z najnowszymi trendami specjali\u015bci czekaj\u0105 na Pa\u0144stwa w naszych salonach, s\u0142u\u017c\u0105c pomoc\u0105 w doborze najlepszych dla Was opraw i soczewek, zdaj\u0105c sobie spraw\u0119 jak wa\u017cny jest dla ka\u017cdego wzrok. W trosce o&#8230;<\/p>\n","protected":false},"author":1,"featured_media":0,"parent":0,"menu_order":0,"comment_status":"closed","ping_status":"open","template":"template-fullwidth.php","meta":[],"_links":{"self":[{"href":"https:\/\/www.optyk-kielce.pl\/index.php?rest_route=\/wp\/v2\/pages\/298"}],"collection":[{"href":"https:\/\/www.optyk-kielce.pl\/index.php?rest_route=\/wp\/v2\/pages"}],"about":[{"href":"https:\/\/www.optyk-kielce.pl\/index.php?rest_route=\/wp\/v2\/types\/page"}],"author":[{"embeddable":true,"href":"https:\/\/www.optyk-kielce.pl\/index.php?rest_route=\/wp\/v2\/users\/1"}],"replies":[{"embeddable":true,"href":"https:\/\/www.optyk-kielce.pl\/index.php?rest_route=%2Fwp%2Fv2%2Fcomments&post=298"}],"version-history":[{"count":14,"href":"https:\/\/www.optyk-kielce.pl\/index.php?rest_route=\/wp\/v2\/pages\/298\/revisions"}],"predecessor-version":[{"id":384,"href":"https:\/\/www.optyk-kielce.pl\/index.php?rest_route=\/wp\/v2\/pages\/298\/revisions\/384"}],"wp:attachment":[{"href":"https:\/\/www.optyk-kielce.pl\/index.php?rest_route=%2Fwp%2Fv2%2Fmedia&parent=298"}],"curies":[{"name":"wp","href":"https:\/\/api.w.org\/{rel}","templated":true}]}}